64aa (base 15) to base 9
-32207
-127b (base 14) to base 5
-100440
13261 (base 9) to base 11
6810
-130 (base 9) to base 6
-300
What is -1a763 (base 12) in base 5?
-2222344
24165 (base 7) to base 2
1100001111110
-475 (base 14) to base 2
-1101110111
What is 1000111110101 (base 2) in base 4?
1013311
What is -11001 (base 3) in base 5?
-414
What is 365 (base 15) in base 12?
542
What is -3744 (base 9) in base 15?
-c64
580 (base 16) to base 3
1221011
What is 1abf (base 16) in base 2?
1101010111111
Convert 275 (base 12) to base 9.
458
79d (base 16) to base 15
89e
-14443 (base 8) to base 14
-24b9
What is 1386 (base 10) in base 3?
1220100
What is -12112 (base 3) in base 15?
-9e
Convert -1da7 (base 15) to base 12.
-38a1
What is -1001001101 (base 2) in base 12?
-411
What is -303332 (base 4) in base 16?
-cfe
1323 (base 10) to base 12
923
Convert -8 (base 15) to base 7.
-11
-1679 (base 11) to base 16
-85f
Convert -326 (base 11) to base 5.
-3031
What is -873 (base 14) in base 7?
-4603
Convert 1919 (base 12) to base 8.
5745
Convert -1414122 (base 5) to base 9.
-44151
Convert -223020 (base 4) to base 16.
-ac8
What is -122032 (base 4) in base 11?
-1296
What is 100010001 (base 2) in base 13?
180
Convert 240 (base 9) to base 10.
198
Convert -1a447 (base 12) to base 11.
-27044
Convert -34bb (base 13) to base 4.
-1303331
What is -104413 (base 6) in base 4?
-2021121
What is -1ac5 (base 14) in base 13?
-22b2
What is 55015 (base 6) in base 11?
5763
What is -274 (base 15) in base 5?
-4214
20302 (base 5) to base 7
3604
401225 (base 6) to base 16
7ab1
15402 (base 6) to base 9
3412
-1995 (base 13) to base 6
-25440
Convert 22110 (base 6) to base 12.
1936
Convert -654 (base 7) to base 16.
-14d
What is -2014341 (base 5) in base 9?
-48478
What is -22312 (base 4) in base 5?
-10234
7997 (base 13) to base 10
17024
What is 31134 (base 9) in base 10?
20524
-8720 (base 12) to base 9
-22336
Convert -1000001100100000 (base 2) to base 7.
-166603
What is -4485 (base 12) in base 16?
-1da5
Convert -1722 (base 15) to base 3.
-20211112
Convert -83d (base 14) to base 16.
-657
-2b24 (base 12) to base 6
-35244
333 (base 5) to base 11
85
What is 415 (base 11) in base 4?
13310
What is 4c5 (base 14) in base 13?
588
Convert 1001110210 (base 3) to base 12.
10019
What is 202232 (base 4) in base 16?
8ae
What is -1030112 (base 5) in base 6?
-213100
Convert -2030 (base 6) to base 14.
-242
What is -132001 (base 4) in base 10?
-1921
Convert -14551 (base 6) to base 16.
-943
Convert 200321 (base 5) to base 8.
14300
94ba (base 12) to base 2
11111110001110
-12111 (base 4) to base 2
-110010101
What is 1838 (base 9) in base 8?
2604
Convert 2010 (base 8) to base 6.
4440
-4a52 (base 13) to base 2
-10100100110001
5132 (base 9) to base 8
7253
Convert -1b9 (base 12) to base 8.
-435
What is 11101212 (base 3) in base 14?
1253
What is -107 (base 9) in base 11?
-80
What is -22021110 (base 4) in base 13?
-15bb8
Convert 95ea (base 16) to base 2.
1001010111101010
-123650 (base 9) to base 12
-37409
Convert -14c (base 16) to base 11.
-282
What is -1265 (base 15) in base 6?
-30052
-1827 (base 16) to base 6
-44343
What is 2625 (base 8) in base 2?
10110010101
What is -1659 (base 13) in base 4?
-303111
-2200303 (base 4) to base 9
-15104
-2307a (base 11) to base 3
-1200202122
What is 2e9e (base 15) in base 2?
10011101000001
-10cc (base 15) to base 14
-142b
10000000 (base 2) to base 5
1003
What is 110001110000100 (base 2) in base 10?
25476
What is -110010110000 (base 2) in base 6?
-23012
2214 (base 7) to base 15
380
Convert 167 (base 15) to base 16.
142
What is -30154 (base 7) in base 13?
-341b
-5816 (base 10) to base 13
-2855
-258 (base 13) to base 3
-120020
Convert 432 (base 10) to base 12.
300
What is 597 (base 12) in base 4?
31003
What is -23030 (base 5) in base 16?
-668
Convert 614 (base 7) to base 9.
368
d3a1 (base 15) to base 9
67277
Convert 431140 (base 5) to base 4.
3203101
-10238 (base 10) to base 9
-15035
What is 7da0 (base 15) in base 14?
9a32
What is 12695 (base 14) in base 13?
1776a
What is -10022 (base 5) in base 7?
-1600
What is -220101002 (base 3) in base 9?
-26332
-202b (base 12) to base 11
-2694
1111011 (base 2) to base 10
123
What is -10203130 (base 4) in base 16?
-48dc
Convert -ce0 (base 15) to base 11.
-2206
Convert 397 (base 12) to base 10.
547
Convert -100000011110 (base 2) to base 11.
-161a
Convert -f84 (base 16) to base 13.
-1a67
Convert 649 (base 13) to base 4.
100303
Convert -25031 (base 6) to base 5.
-104231
What is -662 (base 12) in base 11?
-783
What is -1114 (base 12) in base 9?
-2527
-121404 (base 6) to base 14
-3ca8
4542 (base 11) to base 2
1011101010111
Convert 210211201 (base 3) to base 6.
201414
What is -2ce (base 16) in base 2?
-1011001110
1001001111 (base 3) to base 9
31044
Convert -121020 (base 4) to base 12.
-b20
150143 (base 6) to base 14
530b
Convert -10011110010101 (base 2) to base 6.
-114525
Convert 5461 (base 10) to base 15.
1941
What is 314 (base 13) in base 8?
1014
What is -10101001110 (base 2) in base 12?
-952
-1353 (base 9) to base 8
-1774
What is -2043 (base 9) in base 13?
-8b2
Convert 7c56 (base 13) to base 14.
6526
469 (base 16) to base 15
504
Convert 12899 (base 15) to base 5.
3344234
Convert 24 (base 14) to base 11.
2a
-519 (base 10) to base 3
-201020
Convert 9b02 (base 13) to base 8.
52202
-30110 (base 4) to base 9
-1065
Convert 334103 (base 6) to base 8.
66727
Convert -106272 (base 8) to base 4.
-20302322
What is -5866 (base 10) in base 12?
-348a
Convert 266 (base 10) to base 9.
325
Convert -4526 (base 10) to base 8.
-10656
What is 447b (base 13) in base 14?
36b4
-2a63 (base 11) to base 7
-14330
Convert b19e (base 15) to base 6.
445335
Convert 2535 (base 6) to base 4.
21323
What is -38b (base 16) in base 6?
-4111
What is -2130 (base 6) in base 8?
-746
What is -477a (base 12) in base 11?
-6026
What is 21424 (base 5) in base 4?
113101
-103b2 (base 13) to base 3
-1111001222
What is 102344 (base 5) in base 2?
110110010010
What is 1102 (base 11) in base 8?
2656
341144 (base 5) to base 11
9064
What is 302 (base 12) in base 3?
121002
Convert 25460 (base 11) to base 6.
440531
5e77 (base 15) to base 14
74a5
What is 76492 (base 10) in base 16?
12acc
a7 (base 11) to base 16
75
What is 11001200 (base 3) in base 5?
43321
Convert 323331 (base 5) to base 14.
4083
c7d9 (base 14) to base 2
1000011010111011
Convert -6210 (base 11) to base 16.
-202f
-4dc (base 14) to base 15
-453
Convert 50e (base 16) to base 6.
5554
-20112 (base 4) to base 13
-321
Convert 21421 (base 8) to base 16.
2311
-209 (base 15) to base 12
-323
What is -219 (base 12) in base 16?
-135
-100611 (base 7) to base 14
-6341
-14604 (base 12) to base 2
-110111101100100
What is 4a (base 13) in base 4?
332
Convert 110000 (base 2) to base 3.
1210
1111011001 (base 2) to base 6
4321
-22021 (base 5) to base 12
-a5b
Convert 241656 (base 7) to base 14.
11dd6
Convert -35a (base 15) to base 14.
-3c4
4 (base 10) to base 8
4
Convert -1bab (base 13) to base 14.
-175b
-15246 (base 9) to base 15
-3140
What is 2014 (base 10) in base 3?
2202121
Convert 26b (base 13) to base 10.
427
What is 47b (base 16) in base 15?
517
106d6 (base 15) to base 12
26240
What is -3d (base 15) in base 16?
-3a
What is 59c (base 14) in base 4?
101132
721a (base 12) to base 2
11000001110110
6125 (base 16) to base 14
90c5
Convert 233a (base 12) to base 8.
7536
Convert ad (base 14) to base 5.
1103
Convert -14268 (base 11) to base 13.
-9301
What is 335 (base 7) in base 5?
1143
Convert -14227 (base 8) to base 3.
-22122011
Convert -1384 (base 9) to base 7.
-3025
-12321 (base 4) to base 6
-2013
What is 14031 (base 5) in base 9?
1507
4346 (base 9) to base 3
11101120
3323110 (base 4) to base 11
110a2
What is -790 (base 15) in base 7?
-4662
Convert 5820 (base 13) to base 12.
71a3
Convert -301 (base 13) to base 4.
-13330
Convert 48361 (base 9) to base 12.
1689a
What is 1450 (base 11) in base 3?
2120021
Convert 49c7 (base 14) to base 3.
122201100
-18a (base 15) to base 6
-1351
Convert -67 (base 9) to base 5.
-221
-43 (base 16) to base 2
-1000011
What is -10011120 (base 3) in base 4?
-210012
-104 (base 13) to base 11
-148
Convert -602 (base 7) to base 5.
-2141
-25034 (base 6) to base 14
-14bc
Convert 20221020 (base 3) to base 2.
1001110111111
What is -34241 (base 5) in base 